{"id":95,"date":"2017-06-08T00:16:44","date_gmt":"2017-06-07T22:16:44","guid":{"rendered":"http:\/\/alergia.org.pl\/?page_id=95"},"modified":"2020-05-14T08:36:35","modified_gmt":"2020-05-14T06:36:35","slug":"wydawnictwo","status":"publish","type":"page","link":"http:\/\/alergia.org.pl\/index.php\/dla-lekarzy\/wydawnictwo\/","title":{"rendered":"Kwartalnik &#8222;Alergia&#8221;"},"content":{"rendered":"<div id=\"redakcja\">\n<p>ISSN 1641-5728<\/p>\n<p>Redaktor naczelny<br \/>\nDr n. med. Urszula Samoli\u0144ska-Zawisza<\/p>\n<p>Zast\u0119pca redaktora naczelnego<br \/>\nProf. dr hab. n. med. Andrzej Emeryk<br \/>\nProf. dr hab. n. med. Micha\u0142 Piro\u017cy\u0144ski<\/p>\n<p>Sekretarz redakcji<br \/>\nDr n. elektronicznych \u0141ukasz Butkowski<br \/>\nDr n. med. Emilia Majsiak<br \/>\nLek. med. Karolina Zawisza-Butkowska<\/p>\n<p>Recenzenci<br \/>\nProf. dr hab. n. med. Cezary Pa\u0142czy\u0144ski<br \/>\nProf. dr hab. n. med. Bernard Panaszek<br \/>\nDr n. med. Piotr Rapiejko<\/p>\n<p>Strona internetowa<br \/>\nPawe\u0142 Walerczak<\/p>\n<p>Wydawca<br \/>\nWydawnictwo Alergologiczne &#8222;Zdrowie&#8221;<br \/>\nUrszula Samoli\u0144ska-Zawisza<\/p>\n<p>Adres redakcji<br \/>\n01-508 Warszawa, ul. Boguckiego 1B m. 13<br \/>\ntel. 501 781 875<br \/>\ne-mail: alergia@alergia.org.pl<\/p>\n<p>Druk<br \/>\nZak\u0142ady Graficzne Roszkowscy &#8222;Taurus&#8221;,<br \/>\n05 074 Halin\u00f3w, Kazimier\u00f3w 13, tel. (022) 783 66 82<\/p>\n<\/div>\n<div id=\"rada\">\n<div class=\"custom-squares\"><\/div>\n<h2><strong>Rada naukowa<\/strong><\/h2>\n<p>Prof. dr\u2002hab. n. med. Zbigniew Bartuzi,<br \/>\nProf. dr\u2002hab. n. med. Andrzej Emeryk,<br \/>\nProf. dr\u2002hab. n. med. Barbara Rogala<\/p>\n<p><center><\/p>\n<table>\n<tbody>\n<tr>\n<td><\/td>\n<\/tr>\n<\/tbody>\n<\/table>\n<p><\/center><\/div>\n<div id=\"informacja\">\n<h2><strong>Informacje dla autor\u00f3w<\/strong><\/h2>\n<h3>Warunki przyjmowania prac do druku w kwartalniku \u201eAlergia\u201d<\/h3>\n<p>1. Do druku przyjmowane s\u0105 prace oryginalne (badania na podstawie kt\u00f3rych powsta\u0142y artyku\u0142y przeprowadzane musz\u0105 by\u0107 zgodnie z Deklaracj\u0105 Helsi\u0144sk\u0105), pogl\u0105dowe i kazuistyczne dotychczas niepublikowane.<br \/>\n2. Prace b\u0119d\u0105 opiniowane przez 2 recenzent\u00f3w.<br \/>\n3. Autor podpisuje umow\u0119 z Wydawnictwem potwierdzaj\u0105c oryginalno\u015b\u0107 i autorstwo pracy, przekazuj\u0105c prawo w\u0142asno\u015bci Wydawnictwu i za\u0142\u0105cza zgod\u0119 wsp\u00f3\u0142autor\u00f3w pracy.<br \/>\n4. Przyjmowane s\u0105 prace w j\u0119zyku polskim z tytu\u0142em, streszczeniem (do 250 s\u0142\u00f3w), s\u0142owami kluczowymi (3-6) w j\u0119zyku polskim i angielskim.<br \/>\n5. Autora prosimy o przes\u0142anie prac e-mailem na adres alergia@alergia.org.pl lub na p\u0142ycie CD w formacie programu Word (z\u0142o\u017cone czcionk\u0105 10 pkt). Wszystkie tabele i ryciny powinny by\u0107 zatytu\u0142owane, ponumerowane oraz uwzgl\u0119dnione w tek\u015bcie. Ilustracje i zdj\u0119cia powinny by\u0107 podpisane nazwiskiem autora lub nale\u017cy poda\u0107 \u017ar\u00f3d\u0142o.<br \/>\n6. Pi\u015bmiennictwo nie powinno przekracza\u0107 40 pozycji, ponumerowanych zgodnie z kolejno\u015bci\u0105 umieszczenia w pracy.<br \/>\n7. Na ko\u0144cu pracy powinien by\u0107 umieszczony adres korespondencyjny g\u0142\u00f3wnego autora.<br \/>\n8. W pracy powinny by\u0107 umieszczone nazwiska i tytu\u0142y naukowe wszystkich autor\u00f3w wraz z danymi dotycz\u0105cymi miejsca pracy.<br \/>\n9. Redakcja zastrzega sobie prawo adjustacji i skracania tekst\u00f3w.<\/p>\n<\/div>\n<div id=\"prenumerata\">\n<div class=\"custom-squares\"><\/div>\n<h2><strong>Prenumerata<\/strong><\/h2>\n<h3>Rachunek bankowy:<\/h3>\n<p>ALERGIA<br \/>\nul. Boguckiego 1B m. 13<br \/>\n01-508 Warszawa<\/p>\n<p>nazwa banku:<br \/>\nI Oddzia\u0142 PKO BP SA w Warszawie<br \/>\nnr r-ku: 52 1020 1013 0000 0702 0003 8778<\/p>\n<p>cena rocznej prenumeraty (4 numery): 95.04 z\u0142<\/p>\n<p>Prosimy o przes\u0142anie e-mailem na adres alergia@alergia.org.pl nast\u0119puj\u0105cych informacji:<\/p>\n<p>adres pocztowy, na kt\u00f3ry ma zosta\u0107 wysy\u0142ana prenumerata.<br \/>\ndane do faktury oraz adres pocztowy, na kt\u00f3ry ma zosta\u0107 wysy\u0142ana faktura<br \/>\nilo\u015b\u0107 egzemplarzy oraz zamawiane numery kwartalnika<\/p>\n<\/div>\n<div id=\"reklama-druk\">\n<div class=\"custom-squares\"><\/div>\n<h2><strong>Warunki przyjmowania reklam do druku<\/strong><\/h2>\n<p>Format strony: 205 x 290 mm (+3 mm spady)Format pliku: PDF, EPS (czcionki za\u0142adowane do pliku lub zamienione na krzywe)<br \/>\nlub TIF (ew. JPG o maksymalnej jako\u015bci) &#8211; 300 dpi<\/p>\n<p>Kolory: tylko CMYK (bez kolor\u00f3w dodatkowych)<\/p>\n<\/div>\n<div id=\"recenzenci\">\n<div class=\"custom-squares\"><\/div>\n<h2><strong>Lista recenzent\u00f3w<\/strong><\/h2>\n<p>Prof. dr\u2002hab. n. med. Andrzej Emeryk,<br \/>\nProf. dr\u2002hab. n. med. Cezary Pa\u0142czy\u0144ski,<br \/>\nProf. dr\u2002hab. n. med. Bernard Panaszek,<br \/>\nDr\u2002n. med. Piotr Rapiejko,<br \/>\nProf. dr hab. n. med. Zenon Siergiejko,<\/p>\n<p><center><\/p>\n<table style=\"max-width: 300px; text-align: center;\">\n<tbody>\n<tr>\n<td style=\"border: 2px solid black;\">Prof. dr hab. n. med. Edward Zawisza<\/td>\n<\/tr>\n<\/tbody>\n<\/table>\n<p><\/center><\/div>\n<div id=\"zasady\">\n<div class=\"custom-squares\"><\/div>\n<h2><strong>Zasady recenzowania<\/strong><\/h2>\n<h3>Podstawowe zasady recenzowania publikacji w czasopismach<\/h3>\n<p>1. Do oceny ka\u017cdej publikacji powo\u0142uje si\u0119 co najmniej dw\u00f3ch niezale\u017cnych recenzent\u00f3w spoza jednostki.<br \/>\n2. W przypadku tekst\u00f3w powsta\u0142ych w j\u0119zyku obcym, co najmniej jeden z recenzent\u00f3w jest afiliowany w instytucji zagranicznej innej ni\u017c narodowo\u015b\u0107 autora pracy.<br \/>\n3. Rekomendowanym rozwi\u0105zaniem jest model, w kt\u00f3rym autor(zy) i recenzenci nie znaj\u0105 swoich to\u017csamo\u015bci (tzw. \u201edouble-blind review proces\u201d).<br \/>\n4. W innych rozwi\u0105zaniach recenzent musi podpisa\u0107 deklaracj\u0119 o nie wyst\u0119powaniu konfliktu interes\u00f3w; za konflikt interes\u00f3w uznaje si\u0119 zachodz\u0105ce mi\u0119dzy recenzentem a autorem:<br \/>\na) bezpo\u015brednie relacje osobiste (pokrewie\u0144stwo, zwi\u0105zki prawne, konflikt),<br \/>\nb) relacje podleg\u0142o\u015bci zawodowej,<br \/>\nc) bezpo\u015brednia wsp\u00f3\u0142praca naukowa w ci\u0105gu ostatnich dw\u00f3ch lat poprzedzaj\u0105cych przygotowanie recenzji.<br \/>\n5. Recenzja musi mie\u0107 form\u0119 pisemn\u0105 i ko\u0144czy\u0107 si\u0119 jednoznacznym wnioskiem co do dopuszczenia artyku\u0142u do publikacji lub jego odrzucenia.<br \/>\n6. Zasady kwalifikowania lub odrzucenia publikacji i ewentualny formularz recenzencki s\u0105 podane do publicznej wiadomo\u015bci na stronie internetowej czasopisma lub w ka\u017cdym numerze czasopisma.<br \/>\n7. Nazwiska recenzent\u00f3w poszczeg\u00f3lnych publikacji\/numer\u00f3w nie s\u0105 ujawniane; raz w roku czasopismo podaje do publicznej wiadomo\u015bci list\u0119 recenzent\u00f3w wsp\u00f3\u0142pracuj\u0105cych.<\/p>\n<\/div>\n","protected":false},"excerpt":{"rendered":"<p>ISSN 1641-5728 Redaktor naczelny Dr n. med. Urszula Samoli\u0144ska-Zawisza Zast\u0119pca redaktora naczelnego Prof. dr hab. n. med. Andrzej Emeryk Prof. dr hab. n. med. Micha\u0142 Piro\u017cy\u0144ski Sekretarz redakcji Dr n. elektronicznych \u0141ukasz Butkowski Dr n. med. Emilia Majsiak Lek. med. Karolina Zawisza-Butkowska Recenzenci Prof. dr hab. n. med. Cezary Pa\u0142czy\u0144ski Prof. dr hab. n. med. [&hellip;]<\/p>\n","protected":false},"author":1,"featured_media":0,"parent":13,"menu_order":0,"comment_status":"closed","ping_status":"closed","template":"","meta":[],"_links":{"self":[{"href":"http:\/\/alergia.org.pl\/index.php\/wp-json\/wp\/v2\/pages\/95"}],"collection":[{"href":"http:\/\/alergia.org.pl\/index.php\/wp-json\/wp\/v2\/pages"}],"about":[{"href":"http:\/\/alergia.org.pl\/index.php\/wp-json\/wp\/v2\/types\/page"}],"author":[{"embeddable":true,"href":"http:\/\/alergia.org.pl\/index.php\/wp-json\/wp\/v2\/users\/1"}],"replies":[{"embeddable":true,"href":"http:\/\/alergia.org.pl\/index.php\/wp-json\/wp\/v2\/comments?post=95"}],"version-history":[{"count":42,"href":"http:\/\/alergia.org.pl\/index.php\/wp-json\/wp\/v2\/pages\/95\/revisions"}],"predecessor-version":[{"id":2752,"href":"http:\/\/alergia.org.pl\/index.php\/wp-json\/wp\/v2\/pages\/95\/revisions\/2752"}],"up":[{"embeddable":true,"href":"http:\/\/alergia.org.pl\/index.php\/wp-json\/wp\/v2\/pages\/13"}],"wp:attachment":[{"href":"http:\/\/alergia.org.pl\/index.php\/wp-json\/wp\/v2\/media?parent=95"}],"curies":[{"name":"wp","href":"https:\/\/api.w.org\/{rel}","templated":true}]}}